2 + 2*d + 4. Let b = -45 - -12. Let f(r) = -5*r**2 + r + 6. Let y be f(3). Let j = y - b. What is v(j)?
-20
Let h(d) = d + 4. Let w = 48 - 21. Let j be (-4)/(-18) - (-104)/18. Let n be ((-90)/w)/((-4)/j). What is h(n)?
9
Let l(g) = g**3 + 29*g**2 - 31*g - 19. Let d(m) = -2*m**2 - 123*m - 1393. Let h be d(-47). Calculate l(h).
11
Let r(g) be the second derivative of -209*g - 6*g**2 + 0 - 1/2*g**3. Give r(-5).
3
Let n(y) = -22*y - 1. Let l(m) = -m**2 + 11*m + 17. Let i be l(12). Suppose -3*t - 8 = 5*a - 3, -i*t - 3*a - 3 = 0. Suppose t = -4*b + 3*b - 1. Give n(b).
21
Let a(q) be the second derivative of q**3/6 + 3*q**2 - 186*q - 1. Calculate a(-5).
1
Let o be 8/(-12)*(3 - (-9)/(-2)). Let l be o/((4/(-2))/(2 - 14)). Let d(u) = u - 2. Give d(l).
4
Let f(j) = -34*j**2 + 13*j**2 - 3*j + 3 + 18*j**2. Let h(a) = 17*a**2 + 15*a - 16. Let r(s) = 11*f(s) + 2*h(s). Calculate r(3).
1
Let x(l) = 9*l - 14. Let v = 2166 + -2162. What is x(v)?
22
Let q(k) = -4*k + 8*k + 3*k**2 + 6*k + 22 - 2*k**2. Let a be q(-5). Let b(x) = 3*x + 4. Give b(a).
-5
Suppose 10*y - 707 = -617. Let d(s) = -3*s + 12. Give d(y).
-15
Let o(u) = -4*u**3 + 10*u**2 - 7*u - 4. Let v be o(1). Let z(i) = -i**3 - 7*i**2 - 14*i - 29. Calculate z(v).
-9
Let h be (0 + 3)*(-128)/720*-15. Let o(n) = 4*n**2 - 34*n - 9. What is o(h)?
-25
Let f(x) = x**2 - 7*x + 1. Let p = 80 - 88. Let c be (-6)/p*((-28)/1)/(-7). Calculate f(c).
-11
Let z(b) = -43*b**2 + 11*b - 103. Let x(g) = 93*g**2 - 20*g + 203. Let d(t) = 6*x(t) + 13*z(t). Determine d(15).
-1
Let c(q) = 2*q**3 + 7*q**2 - q - 8. Suppose 30*g - 37*g = 5*f + 40, f - 14 = 3*g. Determine c(g).
-78
Let c(k) be the first derivative of k**4/2 - 22*k**3/3 + k**2/2 - 19*k - 331. What is c(11)?
-8
Let x(t) = 4*t - t**3 - t + 6*t + 1 - 4*t**2. Let c(k) = -3*k**3 + 224*k**2 + 2*k**3 - 227*k**2 + 8*k. Let v(y) = 4*c(y) - 3*x(y). What is v(3)?
-15
Let i(o) = o + 2. Let b be i(3). Suppose 19*n + 6 = -2*c + 21*n, 0 = -3*c - 3*n + 27. Let t be -1 - b/(5/c). Let q(y) = -2*y**2 - 4*y - 1. Give q(t).
-17
Suppose 2 = 2*y - 4*y. Suppose -3*t + 0*t = -4*v + 31, -t = v - 6. Let k(p) = v + 4*p - 17 - 5*p + 9 - 4*p**2. Give k(y).
-4
Let s(q) = 2*q - 4. Let u(j) = -j**3 + 7*j**2 + 8*j + 3. Let h be u(8). Let n be 25/(-50) + 1 + (-10)/4. Let b be (-2)/(-6)*n - (-14)/h. Calculate s(b).
4
Let k(g) = -3*g + 8. Let h be -97*2*-1*1/(-2). Let x = 88 + h. Let s be 12/20*(1 - x). Determine k(s).
-10
Let z(f) = -f**2 + 400*f - 51. Let c(u) = -131*u - 1. Let b(n) = -3*c(n) - z(n). Determine b(7).
54
Let f(h) = h**2 + 18*h + 68. Let x be f(-5). Let q(w) = x - 16*w + 5*w**2 + 26 - 9 - 4*w**2. Determine q(15).
5
Let c be 6/2 + ((-12)/(-3) - 4). Let l(x) = 3 + 1 - x**2 - c + 8*x**2. Give l(-2).
29
Let d(h) = -h + 822 - 5*h**3 - 408 - 412 - 2*h. Give d(1).
-6
Let f(h) = -52*h + 1081*h**3 - 1082*h**3 - 55 + 16*h**2 + 97. Determine f(12).
-6
Let a(r) be the second derivative of r**5/20 - r**4/4 + 4*r**3/3 - 3*r**2/2 + 2323*r. Calculate a(3).
21
Let w(c) be the second derivative of 1/12*c**4 - 67*c - 2/3*c**3 + 0 + 7/2*c**2. Let b = -1 + 6. Calculate w(b).
12
Let w(i) = -3*i**2 - i + 2. Suppose -7*k + 3*k = -476. Let f = k + -121. What is w(f)?
-8
Let b(u) = -u**3 - 3*u**2 + 4*u - 5. Let q be ((-12)/16 - (-3)/(-60))*30. Let d = 20 + q. Give b(d).
-5
Let g(r) be the first derivative of -3*r**2/2 - 2*r + 954. Let t(k) = -k - 3. Let s be t(-7). Calculate g(s).
-14
Suppose -10299 + 10367 = 17*b. Let h(a) be the third derivative of a**3 + 0*a + 28*a**2 + 0 + 1/24*a**b. Calculate h(-8).
-2
Suppose -3*t = 5*h - h - 12, -2*h - 4*t = -16. Suppose h = 23*o + 24 + 137. Let n(l) = -l**2 - 8*l + 5. Calculate n(o).
12
Let l(r) = -r + 3. Let p = 81 - 80. Let o be p/2*(5/(-1) - -1). Give l(o).
5
Suppose -5*d - 44 = 9*b, 21*b = 25*b - 5*d + 34. Let f(g) = g**2 + 4*g - 8. Give f(b).
4
Let n(p) be the first derivative of p**4/4 + p**3 + 3*p**2/2 + 3*p - 84797. Suppose 3*g = 2*m - 12, 6*g - g - m = -13. Give n(g).
1
Let m be 2/6 + (-161)/(-21). Suppose -m = 2*x, -x - 2*x = -2*s + 84. Let t = 31 - s. Let j(q) = 3*q + 5. What is j(t)?
-10
Let d(r) = 6*r - 17. Let y(p) be the second derivative of p**3/3 - 7*p**2/2 - 7*p + 5. Let a(c) = 2*d(c) - 5*y(c). Determine a(-3).
-5
Let n(l) = -3*l - 7. Let v(m) = m**2 - 5*m + 5. Let j be v(4). Let k(f) be the second derivative of -f**4/3 - f**3/3 - 503*f + 1. Let z be k(j). Calculate n(z).
11
Let d be 443 - 431 - (-9)/(1 - 2). Let v(b) be the first derivative of -11 - 4*b - 1/3*b**d - 5/2*b**2. Calculate v(-6).
-10
Let n(b) = b**2 - 2*b - 1. Let f = -107 + 108. Let m(j) = 13*j - 9 - 8*j**2 + f + 12. Let u(c) = m(c) + 6*n(c). Give u(2).
-8
Suppose 0 = -12*f + 2*i - 74, -5*f + 11*i - 15 = 7*i. Let a(t) = -3*t**2 - 24*t - 11. What is a(f)?
10
Let v(n) = -18*n**2 + 4*n - 4. Let b(w) = -w**2 - w + 3. Let f(y) = -2*b(y) - v(y). Determine f(-1).
20
Let t(p) = -p**2 + 30*p - 221. Let s(w) = 312*w + 5630. Let v be s(-18). Calculate t(v).
3
Let o(z) = z**2 + 9*z + 6. Let g be (128/(-176))/(4/(-22)). Let h be -8*2/g - (5 + -3). Determine o(h).
-12
Let n(i) = i + 20. Let d(u) be the second derivative of u**5/20 + u**4/12 - 17*u**3/6 + 3*u**2 - 54*u. Let s be d(-5). Determine n(s).
11
Suppose -3*q = -p + 8, 5*p - 2*p + 5*q - 10 = 0. Suppose 119 = p*n - 136. Let y = -48 + n. Let h(u) = -u**3 + 4*u**2 - 4*u + 4. Determine h(y).
1
Let y be (8/20 - 234/(-90)) + 0/3. Let t(q) = 3*q**2 - 5*q - 1. What is t(y)?
11
Let z(k) = 2*k**2 - 31*k - 46. Let x(p) = -p**3 + 2*p**2 + 8*p + 17. Let y be x(4). Determine z(y).
5
Let r(g) = -g**2 - 4*g + 3. Let y be (-63)/(-567) + (-1326)/27. Let w = -52 - 0. Let z = w - y. Calculate r(z).
6
Let o(c) = -20*c**2 + 10*c - 10. Let j(z) = -z**2 + 2*z - 1. Let s(k) = 7*j(k) - o(k). Determine s(-2).
47
Let w(t) = -3*t + 4. Let y(b) = -6*b + 85. Let s be y(14). Let d = s - -3. Determine w(d).
-8
Let g(j) = j**3 - 3*j**2 + j - 1. Let r = -19 + 19. Let w be (-12)/4 + (9 - r). Let o(q) = -2*q + 15. Let a be o(w). Give g(a).
2
Let h(w) = -w**2 - 10*w + 41. Let q = -3246 + 3233. What is h(q)?
2
Suppose -2*a + 40 = 4*i, 0 = 8*a + 4*i - 5 - 47. Let v(j) = -4*j**3 + 5*j**2 - j + 11. What is v(a)?
-3
Suppose 64*w - 69*w - 253 = -4*h, 2*h = -5*w - 271. Let r(j) = 4*j**2 + 214*j + 106. Calculate r(w).
0
Let r(h) = -h + 1. Let x(b) = -b. Let d(n) = 3*n**2 - 22*n - 13. Let o be d(8). Let m(t) = o*x(t) + 2*r(t). Calculate m(2).
-8
Let l = -146 + 157. Let f(x) = 2*x - 11 + 12 + 0*x**2 - 5*x**2 - 4*x + l*x**2. Give f(-2).
29
Let k(a) = -200*a + 61*a - 4*a**2 + 67*a + 63*a + 5*a**2 + 11. Determine k(5).
-9
Let p(f) = -3 + 0 + f + 2 - 4*f**2 + f**3. Let j be (3/2)/(789/1578). Calculate p(j).
-7
Let s(b) = 16*b + 18 + 25 + 31 - 23 + 2. What is s(-6)?
-43
Let p(r) = -6 - 7*r + 5 - 1 - 2. Suppose -61*w + 59*w = 4. Give p(w).
10
Let d be (44/(-176)*(-3 + 1))/(4/(-56)). Let s(i) = 3*i**2 + 19*i + 16. Calculate s(d).
30
Let f(o) = -2*o**2 + 25*o - 33. Let i be f(11). Suppose -4*n = 5*x - 6, 4*n + 0*n + x + 2 = i. Let v(a) = 8*a**3 - a. Determine v(n).
-7
Let l(p) be the third derivative of 11/60*p**6 - 1/24*p**4 + 0*p**3 - 1/60*p**5 + 2*p**2 + 0*p - 74. Give l(-1).
-22
Let w be (-1)/3 - 109/(-3). Let q = 1154 + -1192. Let d = w + q. Let j(r) = -r**3 - r**2 - 2. Give j(d).
2
Let r = -502 + 489. Let l be -4 - ((-2 - (5 + -8)) + r). Let k(o) = 8*o - 6*o**2 - 3 + o**3 - 5*o**2 + 2*o**2. Calculate k(l).
-3
Let t(n) = n**3 - n**2 - 3*n. Suppose -25*k - 2*k = 15 - 96. Determine t(k).
9
Let g(r) = -4 - 156*r**2 + 3 - 46*r - 158*r**2 + 312*r**2. Calculate g(-23).
-1
Let n(y) = -y**2 - 7*y - 2. Let q be n(-6). Let b(j) be the first derivative of 4*j + 0*j**2 + 1/4*j**4 + 61 - 4/3*j**3. What is b(q)?
4
Let q(v) be the second derivative of -v**5/10 + 2*v**4/3 - 4*v**3/3 + 3*v**2/2 - 3142*v. What is q(3)?
-3
Let b(n) = -2*n - 9. Let h be (6 + -7)/(2/268). Let x = h - -128. Give b(x).
3
Let w(t) = 7*t - 4. Let g(k) = -5*k + 4. Let s be (-1 + 0 + -1)*(5 - 6). Let o(d) = s*w(d) + 3*g(d). What is o(-3)?
7
Let c be 12/(-3*6/(-9)). Suppose -c*a - 86 = -50. Let b(s) = -s**3 - 5*s**2 + 8*s + 4. Calculate b(a).
-8
Let c(l) = l**2 + 8*l - 2. Let k be c(3). Let q(i) = k*i**2 + 31*i**2 + 2 - 67*i**2 - i**3 - 3*i. What is q(-4)?
-2
Let h(w) be the second derivative of -w**6/720 - 7*w**4 + 149*w. Let k(a) be th